What are the prime factors of 8571975222?
2, 3, 37, 38612501
List the prime factors of 5188252330.
2, 5, 89, 587, 9931
List the prime factors of 656961489.
3, 23, 107, 9887
What are the prime factors of 139997231?
11, 12727021
What are the prime factors of 20041600?
2, 5, 6263
What are the prime factors of 48616023?
3, 16205341
List the prime factors of 95555643.
3, 2819, 11299
List the prime factors of 2918641688.
2, 364830211
List the prime factors of 36152565.
3, 5, 61, 39511
What are the prime factors of 11000845?
5, 59, 89, 419
What are the prime factors of 276568228?
2, 67, 193, 5347
What are the prime factors of 243115251?
3, 81038417
List the prime factors of 33462472.
2, 4182809
List the prime factors of 39416729.
11, 37, 96847
What are the prime factors of 94688840?
2, 5, 2367221
List the prime factors of 28150242.
2, 3, 29, 161783
What are the prime factors of 6966821?
17, 409813
List the prime factors of 36705652.
2, 17, 61, 8849
List the prime factors of 46581826.
2, 233, 99961
List the prime factors of 112023705.
3, 5, 269, 27763
What are the prime factors of 149120023?
13, 882367
List the prime factors of 1073995018.
2, 15077, 35617
List the prime factors of 19088252.
2, 23, 207481
List the prime factors of 154279170.
2, 3, 5, 23, 74531
What are the prime factors of 72941795?
5, 14588359
What are the prime factors of 216067623?
3, 72022541
What are the prime factors of 36359176?
2, 7, 92753
What are the prime factors of 72051720?
2, 3, 5, 13, 46187
What are the prime factors of 24553402?
2, 12276701
List the prime factors of 65280113.
269, 242677
What are the prime factors of 17987719?
31, 379, 1531
List the prime factors of 724800462.
2, 3, 881, 137117
What are the prime factors of 827075233?
5903, 140111
What are the prime factors of 54517587?
3, 18172529
What are the prime factors of 256132643?
13, 19702511
What are the prime factors of 1930167366?
2, 3, 3499, 91939
List the prime factors of 1485560598.
2, 3, 247593433
List the prime factors of 132238094.
2, 643, 102829
List the prime factors of 616398122.
2, 199, 1548739
What are the prime factors of 18273281?
13, 1405637
What are the prime factors of 34669414?
2, 13, 19, 70181
What are the prime factors of 22428364?
2, 7, 37, 21649
List the prime factors of 2570125827.
3, 856708609
List the prime factors of 24780976.
2, 11, 103, 1367
List the prime factors of 971028.
2, 3, 37
What are the prime factors of 1164833592?
2, 3, 13, 67, 103, 541
What are the prime factors of 66390600?
2, 3, 5, 110651
List the prime factors of 1300165331.
79, 211, 77999
What are the prime factors of 157614171?
3, 11, 13, 47, 7817
List the prime factors of 81467880.
2, 3, 5, 13, 52223
What are the prime factors of 803424410?
2, 5, 29, 2770429
List the prime factors of 1945417539.
3, 13, 1223, 40787
List the prime factors of 52714729.
67, 331, 2377
List the prime factors of 54362144.
2, 71, 337
List the prime factors of 246236012.
2, 11, 911, 6143
What are the prime factors of 9299763907?
7, 1328537701
What are the prime factors of 4575990285?
3, 5, 101688673
What are the prime factors of 258783922?
2, 129391961
What are the prime factors of 9704845?
5, 827, 2347
List the prime factors of 26585169.
3, 13, 71, 9601
List the prime factors of 54541368.
2, 3, 7, 108217
What are the prime factors of 1669876491?
3, 43, 12944779
List the prime factors of 16847570.
2, 5, 31, 54347
List the prime factors of 597342530.
2, 5, 41, 257, 5669
What are the prime factors of 752788151?
19, 39620429
List the prime factors of 4568101440.
2, 3, 5, 7, 13873
List the prime factors of 1421007342.
2, 3, 73, 167, 19427
List the prime factors of 2691819604.
2, 19, 67, 27823
List the prime factors of 26509791.
3, 7, 11, 114761
List the prime factors of 40630935.
3, 5, 17, 159337
List the prime factors of 8149418703.
3, 905490967
List the prime factors of 45068148.
2, 3, 617, 2029
List the prime factors of 341309041.
59, 5784899
List the prime factors of 93265678.
2, 11, 37, 114577
List the prime factors of 61024592.
2, 163, 23399
List the prime factors of 3148384961.
173, 18198757
What are the prime factors of 40921152?
2, 3, 213131
What are the prime factors of 53370071?
53370071
What are the prime factors of 33419792?
2, 7, 103, 2897
List the prime factors of 255050616.
2, 3, 10627109
What are the prime factors of 7906053?
3, 1579, 1669
What are the prime factors of 236868045?
3, 5, 349, 45247
List the prime factors of 41560640.
2, 5, 11, 11807
List the prime factors of 41294427.
3, 1151, 11959
What are the prime factors of 27095646?
2, 3, 4515941
What are the prime factors of 24086507?
24086507
List the prime factors of 45718818.
2, 3, 137, 55619
List the prime factors of 38841223.
47, 811, 1019
What are the prime factors of 165298549?
13, 157, 80989
List the prime factors of 1101365053.
47, 1777, 13187
List the prime factors of 11195455.
5, 53, 83, 509
List the prime factors of 5039600278.
2, 61, 2389, 17291
What are the prime factors of 151845655?
5, 13, 23, 601
What are the prime factors of 281484685?
5, 4507, 12491
What are the prime factors of 4548640?
2, 5, 28429
List the prime factors of 344708755.
5, 68941751
What are the prime factors of 61864596?
2, 3, 47, 36563
What are the prime factors of 721974885?
3, 5, 48131659
List the prime factors of 29955933.
3, 7, 353, 449
List the prime factors of 87993971.
13, 271, 24977
List the prime factors of 2399922352.
2, 149995147
List the prime factors of 67776214.
2, 11, 229, 1223
What are the prime factors of 150179104?
2, 53, 73, 1213
What are the prime factors of 337933018?
2, 168966509
List the prime factors of 118514619.
3, 29, 454079
List the prime factors of 507474879.
3, 169158293
What are the prime factors of 61539734?
2, 30769867
What are the prime factors of 215526873?
3, 41, 67, 26153
List the prime factors of 43400615.
5, 1811, 4793
List the prime factors of 36988903.
7, 5284129
What are the prime factors of 25949681?
23, 1128247
What are the prime factors of 1410869107?
499, 2827393
List the prime factors of 1462072.
2, 179, 1021
List the prime factors of 755979659.
569, 1328611
List the prime factors of 135015307.
7, 149, 129449
What are the prime factors of 1454503?
17, 67, 1277
What are the prime factors of 91092668?
2, 37, 615491
What are the prime factors of 34459193?
83, 415171
What are the prime factors of 4324084069?
37, 116867137
What are the prime factors of 75400966?
2, 37700483
List the prime factors of 14347600.
2, 5, 35869
List the prime factors of 137013575.
5, 5480543
List the prime factors of 808702007.
37, 21856811
What are the prime factors of 57983295?
3, 5, 3865553
What are the prime factors of 2175612771?
3, 211, 3436987
List the prime factors of 368473900.
2, 5, 97, 37987
List the prime factors of 2675816826.
2, 3, 23, 463, 41879
List the prime factors of 329844285.
3, 5, 17, 101, 1423
What are the prime factors of 108635769?
3, 11, 29, 12613
List the prime factors of 2287753828.
2, 101, 5662757
What are the prime factors of 25218315?
3, 5, 61, 9187
What are the prime factors of 374097009?
3, 11, 13, 113, 7717
List the prime factors of 348696743.
67, 101, 227
What are the prime factors of 2536130831?
13, 195086987
What are the prime factors of 3756207888?
2, 3, 19, 3803
List the prime factors of 2081673.
3, 11, 43, 163
What are the prime factors of 135852686?
2, 661, 102763
List the prime factors of 636537968.
2, 11, 89, 40637
List the prime factors of 4737837.
3, 13, 41, 2963
What are the prime factors of 1307120388?
2, 3, 7, 15560957
List the prime factors of 7658084579.
1229, 6231151
List the prime factors of 107806253.
29, 3717457
What are the prime factors of 188101164?
2, 3, 15675097
List the prime factors of 4304442896.
2, 13, 20694437
What are the prime factors of 81866611?
17, 19, 191, 1327
List the prime factors of 772679158.
2, 23, 73, 230101
What are the prime factors of 119501210?
2, 5, 11950121
What are the prime factors of 420184172?
2, 17, 113, 149, 367
What are the prime factors of 406426790?
2, 5, 7, 11, 23, 53, 433
List the prime factors of 286881243.
3, 11, 479, 18149
List the prime factors of 16135495.
5, 1481, 2179
What are the prime factors of 55558992?
2, 3, 17, 68087
What are the prime factors of 64279252?
2,